{"id":39,"date":"2019-01-19T12:23:04","date_gmt":"2019-01-19T12:23:04","guid":{"rendered":"https:\/\/containerdienstbaden.live-website.com\/?page_id=39"},"modified":"2019-07-03T07:38:58","modified_gmt":"2019-07-03T07:38:58","slug":"kontakt","status":"publish","type":"page","link":"https:\/\/containerdienst-baden.de\/?page_id=39","title":{"rendered":"Impressum"},"content":{"rendered":"\n<div class=\"n module-type-text diyfeLiveArea \">\n<p>\u00a0<\/p>\n<p>Containerdienst Baden<\/p>\n<p>Renate Pabst<br \/>Paul-Hindemith-Ring <span class=\"diysemanticplaceholder\" data-semantic-data-key=\"streetAddress\/number\">31<\/span><br \/>76669 Bad Sch\u00f6nborn<br \/><br \/>Telefon: <span class=\"diy-visible-on-nontouch\">+49 172 62 27 35 3<\/span><br \/>Fax: +49 7253 84 53 48 6<\/p>\n<p>E-Mail: pabst@containerdienst-baden.de<\/p>\n<\/div>\n<p>\u00d6ffnungszeiten: 9:00 Uhr &#8211; 17:00 Uhr<\/p>\n<p><strong>Umsatzsteuer-ID<\/strong><\/p>\n<p>Umsatzsteuer-Identifikationsnummer:<\/p>\n<p>[30417\/37786]<\/p>\n<p>\u00a0<\/p>\n<p><strong>Wirtschafts-Identifikationsnummer<\/strong><\/p>\n<p>Wirtschafts-Identifikationsnummer:<\/p>\n<p>[72 541 043 988]<\/p>\n<div class=\"n module-type-hr diyfeLiveArea \">\n<div>\n<div class=\"hr\">\u00a0<\/div>\n<\/div>\n<\/div>\n<div class=\"n module-type-text diyfeLiveArea \">\n<p>Bitte Kontaktieren Sie uns f\u00fcr eine ma\u00dfgeschneiderte L\u00f6sung.<\/p>\n<\/div>\n<div class=\"n module-type-remoteModule-form diyfeLiveArea \">\n<div id=\"modul_6900968_content\">\n<div id=\"NGH6900968__main\">\n<div class=\"form-headline\"><strong>\u00a0Hier Finden Sie unsere <a href=\"https:\/\/containerdienst-baden.de\/privacy-policy\">Datenschutzhinweise<\/a><br \/><\/strong><\/div>\n<\/div>\n<\/div>\n<\/div>\n","protected":false},"excerpt":{"rendered":"<p>\u00a0 Containerdienst Baden Renate PabstPaul-Hindemith-Ring 3176669 Bad Sch\u00f6nborn Telefon: +49 172 62 27 35 3Fax: +49 7253 84 53 48 6 E-Mail: pabst@containerdienst-baden.de \u00d6ffnungszeiten: 9:00 Uhr &#8211; 17:00 Uhr Umsatzsteuer-ID Umsatzsteuer-Identifikationsnummer: [30417\/37786] \u00a0 Wirtschafts-Identifikationsnummer Wirtschafts-Identifikationsnummer: [72 541 043 988] \u00a0 Bitte Kontaktieren Sie uns f\u00fcr eine ma\u00dfgeschneiderte L\u00f6sung. \u00a0Hier Finden Sie unsere Datenschutzhinweise<\/p>\n","protected":false},"author":1,"featured_media":41,"parent":0,"menu_order":0,"comment_status":"closed","ping_status":"closed","template":"","meta":{"footnotes":""},"class_list":["post-39","page","type-page","status-publish","has-post-thumbnail","hentry"],"_links":{"self":[{"href":"https:\/\/containerdienst-baden.de\/index.php?rest_route=\/wp\/v2\/pages\/39","targetHints":{"allow":["GET"]}}],"collection":[{"href":"https:\/\/containerdienst-baden.de\/index.php?rest_route=\/wp\/v2\/pages"}],"about":[{"href":"https:\/\/containerdienst-baden.de\/index.php?rest_route=\/wp\/v2\/types\/page"}],"author":[{"embeddable":true,"href":"https:\/\/containerdienst-baden.de\/index.php?rest_route=\/wp\/v2\/users\/1"}],"replies":[{"embeddable":true,"href":"https:\/\/containerdienst-baden.de\/index.php?rest_route=%2Fwp%2Fv2%2Fcomments&post=39"}],"version-history":[{"count":9,"href":"https:\/\/containerdienst-baden.de\/index.php?rest_route=\/wp\/v2\/pages\/39\/revisions"}],"predecessor-version":[{"id":106,"href":"https:\/\/containerdienst-baden.de\/index.php?rest_route=\/wp\/v2\/pages\/39\/revisions\/106"}],"wp:featuredmedia":[{"embeddable":true,"href":"https:\/\/containerdienst-baden.de\/index.php?rest_route=\/wp\/v2\/media\/41"}],"wp:attachment":[{"href":"https:\/\/containerdienst-baden.de\/index.php?rest_route=%2Fwp%2Fv2%2Fmedia&parent=39"}],"curies":[{"name":"wp","href":"https:\/\/api.w.org\/{rel}","templated":true}]}}